{"id":3,"date":"2024-02-06T03:14:23","date_gmt":"2024-02-06T03:14:23","guid":{"rendered":"http:\/\/ecoandino.com\/retail\/?page_id=3"},"modified":"2024-04-22T15:04:09","modified_gmt":"2024-04-22T15:04:09","slug":"politica-de-privacidad","status":"publish","type":"page","link":"https:\/\/ecoandino.com\/retail\/politica-de-privacidad\/","title":{"rendered":"Pol\u00edtica de Privacidad"},"content":{"rendered":"\t\t<div data-elementor-type=\"wp-page\" data-elementor-id=\"3\" class=\"elementor elementor-3\" data-elementor-post-type=\"page\">\n\t\t\t\t<div class=\"elementor-element elementor-element-4c00a7cd e-flex e-con-boxed e-con e-parent\" data-id=\"4c00a7cd\" data-element_type=\"container\">\n\t\t\t\t\t<div class=\"e-con-inner\">\n\t\t\t\t<div class=\"elementor-element elementor-element-fbd943a color-scheme-inherit text-left elementor-widget elementor-widget-text-editor\" data-id=\"fbd943a\" data-element_type=\"widget\" data-widget_type=\"text-editor.default\">\n\t\t\t\t\t\t\t\t\t<p style=\"text-align: justify;\">En el presente documento, ECOANDINO S.A.C. (en adelante \u201cECOANDINO\u201d) pone a disposici\u00f3n de los usuarios su Pol\u00edtica de Privacidad, la cual est\u00e1 en armon\u00eda con la normativa vigente en materia de protecci\u00f3n de Datos Personales (Ley N\u00b0 29733 y Decreto Supremo 003-2013-JUS). En estas l\u00edneas te explicamos el fin del tratamiento de la informaci\u00f3n facilitada, qui\u00e9nes el encargado de tratarla, el plazo de conservaci\u00f3n en nuestras bases de datos, las medidas de seguridad y los medios para ejercer tus derechos como titular de tus datos personales.<\/p>\t\t\t\t\t\t\t\t<\/div>\n\t\t\t\t<div class=\"elementor-element elementor-element-f83452b wd-width-100 elementor-widget elementor-widget-wd_title\" data-id=\"f83452b\" data-element_type=\"widget\" data-widget_type=\"wd_title.default\">\n\t\t\t\t<div class=\"elementor-widget-container\">\n\t\t\t\t\t\t\t<div class=\"title-wrapper set-mb-s reset-last-child wd-title-color-default wd-title-style-default wd-title-size-default text-left\">\n\n\t\t\t\n\t\t\t<div class=\"liner-continer\">\n\t\t\t\t<h4 class=\"woodmart-title-container title wd-fontsize-l\">1. \u00bfQu\u00e9 informaci\u00f3n recopilamos?<\/h4> \n\t\t\t\t\t\t\t<\/div>\n\n\t\t\t\t\t<\/div>\n\t\t\t\t\t\t<\/div>\n\t\t\t\t<\/div>\n\t\t\t\t<div class=\"elementor-element elementor-element-09d6783 elementor-widget elementor-widget-wd_text_block\" data-id=\"09d6783\" data-element_type=\"widget\" data-widget_type=\"wd_text_block.default\">\n\t\t\t\t<div class=\"elementor-widget-container\">\n\t\t\t\t\t\t\t<div class=\"wd-text-block reset-last-child text-left\">\n\t\t\t\n\t\t\t<p style=\"text-align: left;\">Recopilamos la siguiente informaci\u00f3n personal:<\/p><p style=\"text-align: justify;\">1.1. Respecto de los datos personales de nuestros clientes: nombre completo, documento nacional de identidad, tel\u00e9fono, correo electr\u00f3nico, direcci\u00f3n y voz.<\/p><p style=\"text-align: justify;\">1.2. Respecto de los datos personales de nuestros Usuarios Web: nombre completo, tel\u00e9fono ycorreo electr\u00f3nico. Dicha informaci\u00f3n se recopilar\u00e1 mediante formularios virtuales, formularios f\u00edsicos, fuentes de acceso p\u00fablico y privado. Los datos personales mencionados ser\u00e1n almacenados en el banco de datos personales denominado \u201cUsuarios Web\u201d; por un per\u00edodo indeterminado.<\/p>\n\t\t\t\t\t<\/div>\n\t\t\t\t\t\t<\/div>\n\t\t\t\t<\/div>\n\t\t\t\t<div class=\"elementor-element elementor-element-6e6846b wd-width-100 elementor-widget elementor-widget-wd_title\" data-id=\"6e6846b\" data-element_type=\"widget\" data-widget_type=\"wd_title.default\">\n\t\t\t\t<div class=\"elementor-widget-container\">\n\t\t\t\t\t\t\t<div class=\"title-wrapper set-mb-s reset-last-child wd-title-color-default wd-title-style-default wd-title-size-default text-left\">\n\n\t\t\t\n\t\t\t<div class=\"liner-continer\">\n\t\t\t\t<h4 class=\"woodmart-title-container title wd-fontsize-l\">2. \u00bfC\u00f3mo protegemos su informaci\u00f3n?<\/h4> \n\t\t\t\t\t\t\t<\/div>\n\n\t\t\t\t\t<\/div>\n\t\t\t\t\t\t<\/div>\n\t\t\t\t<\/div>\n\t\t\t\t<div class=\"elementor-element elementor-element-a19a8fb elementor-widget elementor-widget-wd_text_block\" data-id=\"a19a8fb\" data-element_type=\"widget\" data-widget_type=\"wd_text_block.default\">\n\t\t\t\t<div class=\"elementor-widget-container\">\n\t\t\t\t\t\t\t<div class=\"wd-text-block reset-last-child text-left\">\n\t\t\t\n\t\t\t<p style=\"text-align: justify;\">ECOANDINO, ha adoptado todas las medidas t\u00e9cnicas, legales y organizativas necesarias para garantizar la seguridad y el adecuado tratamiento de sus datos personales; as\u00ed como evitar cualquier manipulaci\u00f3n indebida, p\u00e9rdida accidental, destrucci\u00f3n o acceso no autorizado de terceros. Le informamos que su informaci\u00f3n no ser\u00e1 comercializada, transferida o compartida sin su autorizaci\u00f3n y para fines distintos a los que se describen a continuaci\u00f3n.<\/p>\n\t\t\t\t\t<\/div>\n\t\t\t\t\t\t<\/div>\n\t\t\t\t<\/div>\n\t\t\t\t<div class=\"elementor-element elementor-element-38fc1d9 wd-width-100 elementor-widget elementor-widget-wd_title\" data-id=\"38fc1d9\" data-element_type=\"widget\" data-widget_type=\"wd_title.default\">\n\t\t\t\t<div class=\"elementor-widget-container\">\n\t\t\t\t\t\t\t<div class=\"title-wrapper set-mb-s reset-last-child wd-title-color-default wd-title-style-default wd-title-size-default text-left\">\n\n\t\t\t\n\t\t\t<div class=\"liner-continer\">\n\t\t\t\t<h4 class=\"woodmart-title-container title wd-fontsize-l\">3. \u00bfCon qu\u00e9 finalidad utilizamos tu informaci\u00f3n?<\/h4> \n\t\t\t\t\t\t\t<\/div>\n\n\t\t\t\t\t<\/div>\n\t\t\t\t\t\t<\/div>\n\t\t\t\t<\/div>\n\t\t\t\t<div class=\"elementor-element elementor-element-facfb29 elementor-widget elementor-widget-wd_text_block\" data-id=\"facfb29\" data-element_type=\"widget\" data-widget_type=\"wd_text_block.default\">\n\t\t\t\t<div class=\"elementor-widget-container\">\n\t\t\t\t\t\t\t<div class=\"wd-text-block reset-last-child text-left\">\n\t\t\t\n\t\t\t<p style=\"text-align: justify;\">Los datos personales que nos proporciones ser\u00e1n utilizados para las siguientes finalidades:<\/p>\n<p style=\"text-align: justify;\"><span style=\"font-size: 14px; background-color: var(--wd-main-bgcolor); color: var(--wd-text-color);\">3.1. Respecto de los datos personales de nuestros Usuarios Web:\u00a0<\/span><span style=\"font-size: 14px; background-color: var(--wd-main-bgcolor); color: var(--wd-text-color);\">Tramitar la solicitud de informaci\u00f3n realizada en virtud de la relaci\u00f3n de consumo establecida\u00a0<\/span><span style=\"font-size: 14px; background-color: var(--wd-main-bgcolor); color: var(--wd-text-color);\">con ECOANDINO. Establecer un canal de comunicaci\u00f3n con ECOANDINO para atender su\u00a0<\/span><span style=\"font-size: 14px; background-color: var(--wd-main-bgcolor); color: var(--wd-text-color);\">solicitud de informaci\u00f3n. Establecer un medio de comunicaci\u00f3n para atender sus consultas,\u00a0<\/span><span style=\"font-size: 14px; background-color: var(--wd-main-bgcolor); color: var(--wd-text-color);\">preguntas, quejas, reclamos.<\/span><\/p>\n\t\t\t\t\t<\/div>\n\t\t\t\t\t\t<\/div>\n\t\t\t\t<\/div>\n\t\t\t\t<div class=\"elementor-element elementor-element-1073ecf wd-width-100 elementor-widget elementor-widget-wd_title\" data-id=\"1073ecf\" data-element_type=\"widget\" data-widget_type=\"wd_title.default\">\n\t\t\t\t<div class=\"elementor-widget-container\">\n\t\t\t\t\t\t\t<div class=\"title-wrapper set-mb-s reset-last-child wd-title-color-default wd-title-style-default wd-title-size-default text-left\">\n\n\t\t\t\n\t\t\t<div class=\"liner-continer\">\n\t\t\t\t<h4 class=\"woodmart-title-container title wd-fontsize-l\">4. \u00bfQui\u00e9n tiene acceso a tu informaci\u00f3n?<\/h4> \n\t\t\t\t\t\t\t<\/div>\n\n\t\t\t\t\t<\/div>\n\t\t\t\t\t\t<\/div>\n\t\t\t\t<\/div>\n\t\t\t\t<div class=\"elementor-element elementor-element-f464131 elementor-widget elementor-widget-wd_text_block\" data-id=\"f464131\" data-element_type=\"widget\" data-widget_type=\"wd_text_block.default\">\n\t\t\t\t<div class=\"elementor-widget-container\">\n\t\t\t\t\t\t\t<div class=\"wd-text-block reset-last-child text-left\">\n\t\t\t\n\t\t\t<p style=\"text-align: justify;\">Usted nos autoriza a compartir y confiar el procesamiento de su informaci\u00f3n personal. En estos casos, ECOANDINO garantizar\u00e1 que el tratamiento de sus datos se limite a las finalidades previamente autorizadas, que se mantengan confidenciales y que se implementen las medidas de seguridad adecuadas.<\/p>\n\t\t\t\t\t<\/div>\n\t\t\t\t\t\t<\/div>\n\t\t\t\t<\/div>\n\t\t\t\t<div class=\"elementor-element elementor-element-8a36249 wd-width-100 elementor-widget elementor-widget-wd_title\" data-id=\"8a36249\" data-element_type=\"widget\" data-widget_type=\"wd_title.default\">\n\t\t\t\t<div class=\"elementor-widget-container\">\n\t\t\t\t\t\t\t<div class=\"title-wrapper set-mb-s reset-last-child wd-title-color-default wd-title-style-default wd-title-size-default text-left\">\n\n\t\t\t\n\t\t\t<div class=\"liner-continer\">\n\t\t\t\t<h4 class=\"woodmart-title-container title wd-fontsize-l\">5. \u00bfC\u00f3mo puede ejercer sus derechos como titular de datos personales?<br \/>\n<\/h4> \n\t\t\t\t\t\t\t<\/div>\n\n\t\t\t\t\t<\/div>\n\t\t\t\t\t\t<\/div>\n\t\t\t\t<\/div>\n\t\t\t\t<div class=\"elementor-element elementor-element-a2f59d4 elementor-widget elementor-widget-wd_text_block\" data-id=\"a2f59d4\" data-element_type=\"widget\" data-widget_type=\"wd_text_block.default\">\n\t\t\t\t<div class=\"elementor-widget-container\">\n\t\t\t\t\t\t\t<div class=\"wd-text-block reset-last-child text-left\">\n\t\t\t\n\t\t\t<p style=\"text-align: justify;\">ECOANDINO reconoce y garantiza el ejercicio de los derechos de acceso, rectificaci\u00f3n,\u00a0 cancelaci\u00f3n, oposici\u00f3n, informaci\u00f3n o revocaci\u00f3n que por ley le asisten. Para ejercer los derechos antes mencionados, deber\u00e1 enviar su solicitud a la direcci\u00f3n Av. Tapiceres 117, distrito de Ate, Lima \u2013 Per\u00fa con el asunto <em>\u201cDerechos de Datos Personales\u201d<\/em>.<\/p>\n\t\t\t\t\t<\/div>\n\t\t\t\t\t\t<\/div>\n\t\t\t\t<\/div>\n\t\t\t\t<div class=\"elementor-element elementor-element-8757fea wd-width-100 elementor-widget elementor-widget-wd_title\" data-id=\"8757fea\" data-element_type=\"widget\" data-widget_type=\"wd_title.default\">\n\t\t\t\t<div class=\"elementor-widget-container\">\n\t\t\t\t\t\t\t<div class=\"title-wrapper set-mb-s reset-last-child wd-title-color-default wd-title-style-default wd-title-size-default text-left\">\n\n\t\t\t\n\t\t\t<div class=\"liner-continer\">\n\t\t\t\t<h4 class=\"woodmart-title-container title wd-fontsize-l\">6. Actualizaciones de esta Pol\u00edtica de Privacidad<\/h4> \n\t\t\t\t\t\t\t<\/div>\n\n\t\t\t\t\t<\/div>\n\t\t\t\t\t\t<\/div>\n\t\t\t\t<\/div>\n\t\t\t\t<div class=\"elementor-element elementor-element-84430fd elementor-widget elementor-widget-wd_text_block\" data-id=\"84430fd\" data-element_type=\"widget\" data-widget_type=\"wd_text_block.default\">\n\t\t\t\t<div class=\"elementor-widget-container\">\n\t\t\t\t\t\t\t<div class=\"wd-text-block reset-last-child text-left\">\n\t\t\t\n\t\t\t<p style=\"text-align: justify;\">Debido a la mejora continua de nuestros procesos, ECOANDINO podr\u00e1 realizar correcciones y actualizaciones a esta Pol\u00edtica de Privacidad. Consulte estos t\u00e9rminos con regularidad para ver qu\u00e9 cambios pueden haber ocurrido y c\u00f3mo pueden afectarlo<\/p>\n\t\t\t\t\t<\/div>\n\t\t\t\t\t\t<\/div>\n\t\t\t\t<\/div>\n\t\t\t\t<div class=\"elementor-element elementor-element-1effa83 wd-width-100 elementor-widget elementor-widget-wd_title\" data-id=\"1effa83\" data-element_type=\"widget\" data-widget_type=\"wd_title.default\">\n\t\t\t\t<div class=\"elementor-widget-container\">\n\t\t\t\t\t\t\t<div class=\"title-wrapper set-mb-s reset-last-child wd-title-color-default wd-title-style-default wd-title-size-default text-left\">\n\n\t\t\t\n\t\t\t<div class=\"liner-continer\">\n\t\t\t\t<h4 class=\"woodmart-title-container title wd-fontsize-l\">7. \u00bfQu\u00e9 herramientas de navegaci\u00f3n se utilizan en el sitio web de ECOANDINO?<\/h4> \n\t\t\t\t\t\t\t<\/div>\n\n\t\t\t\t\t\t\t<div class=\"title-after_title set-cont-mb-s reset-last-child wd-fontsize-xs\">\n\t\t\t\t\t<p>ECOANDINO utiliza herramientas de recopilaci\u00f3n de informaci\u00f3n, como cookies y balizas web, para recopilar su informaci\u00f3n mientras navega por nuestro sitio web. En esta secci\u00f3n, describimos los tipos de informaci\u00f3n que ECOANDINO puede recopilar y c\u00f3mo ECOANDINO puede utilizar esta informaci\u00f3n. <\/p><p>a)<b> Direcci\u00f3n IP:<\/b> una direcci\u00f3n de Protocolo de Internet (IP) es un n\u00famero que se genera autom\u00e1ticamente desde su computadora cuando navega por la web. Su direcci\u00f3n IP se utiliza para recopilar informaci\u00f3n demogr\u00e1fica. Esta informaci\u00f3n normalmente no identifica ni vincula a la persona. Usaremos la direcci\u00f3n IP para identificar a un usuario cuando lo consideremos necesario para hacer cumplir nuestros t\u00e9rminos y condiciones o para proteger nuestros servicios, nuestra p\u00e1gina, nuestros visitantes u otros.<\/p><p>b)<b> Cookies:<\/b> podemos colocar un archivo de texto llamado \u201ccookie\u201d en los archivos del navegador de su computadora. Una cookie es un peque\u00f1o archivo de datos que su disco duro transfiere para mantener un registro cuando lo visita. Utilizamos cookies para diferentes prop\u00f3sitos, incluido comprender y guardar las preferencias del usuario para futuras visitas, actualizar nuestro sitio en funci\u00f3n de informaci\u00f3n como el n\u00famero de visitantes y las p\u00e1ginas vistas. Puede elegir que su computadora le notifique cada vez que se le env\u00ede una cookie, o puede optar por desactivar todas las cookies. <\/p><p>Puedes hacerlo a trav\u00e9s de las herramientas de tu navegador. Cada buscador es diferente, por lo que le recomendamos que busque en el apartado Ayuda de su men\u00fa para conocer la forma correcta de modificar sus cookies. No es necesario tener las cookies activadas para utilizar nuestro sitio web.<\/p>\t\t\t\t<\/div>\n\t\t\t\t\t<\/div>\n\t\t\t\t\t\t<\/div>\n\t\t\t\t<\/div>\n\t\t\t\t\t<\/div>\n\t\t\t\t<\/div>\n\t\t\t\t<\/div>\n\t\t","protected":false},"excerpt":{"rendered":"<p>En el presente documento, ECOANDINO S.A.C. (en adelante \u201cECOANDINO\u201d) pone a disposici\u00f3n de los usuarios su Pol\u00edtica de Privacidad, la<\/p>\n","protected":false},"author":1,"featured_media":0,"parent":0,"menu_order":0,"comment_status":"closed","ping_status":"closed","template":"","meta":{"footnotes":""},"class_list":["post-3","page","type-page","status-publish","hentry"],"yoast_head":"<!-- This site is optimized with the Yoast SEO plugin v26.3 - https:\/\/yoast.com\/wordpress\/plugins\/seo\/ -->\n<title>Pol\u00edtica de Privacidad - ECOANDINO<\/title>\n<meta name=\"robots\" content=\"index, follow, max-snippet:-1, max-image-preview:large, max-video-preview:-1\" \/>\n<link rel=\"canonical\" href=\"https:\/\/ecoandino.com\/retail\/politica-de-privacidad\/\" \/>\n<meta property=\"og:locale\" content=\"es_ES\" \/>\n<meta property=\"og:type\" content=\"article\" \/>\n<meta property=\"og:title\" content=\"Pol\u00edtica de Privacidad - ECOANDINO\" \/>\n<meta property=\"og:description\" content=\"En el presente documento, ECOANDINO S.A.C. (en adelante \u201cECOANDINO\u201d) pone a disposici\u00f3n de los usuarios su Pol\u00edtica de Privacidad, la\" \/>\n<meta property=\"og:url\" content=\"https:\/\/ecoandino.com\/retail\/politica-de-privacidad\/\" \/>\n<meta property=\"og:site_name\" content=\"ECOANDINO\" \/>\n<meta property=\"article:publisher\" content=\"https:\/\/www.facebook.com\/EcoandinoSuperfoods\" \/>\n<meta property=\"article:modified_time\" content=\"2024-04-22T15:04:09+00:00\" \/>\n<script type=\"application\/ld+json\" class=\"yoast-schema-graph\">{\"@context\":\"https:\/\/schema.org\",\"@graph\":[{\"@type\":\"WebPage\",\"@id\":\"https:\/\/ecoandino.com\/retail\/politica-de-privacidad\/\",\"url\":\"https:\/\/ecoandino.com\/retail\/politica-de-privacidad\/\",\"name\":\"Pol\u00edtica de Privacidad - ECOANDINO\",\"isPartOf\":{\"@id\":\"https:\/\/ecoandino.com\/retail\/#website\"},\"datePublished\":\"2024-02-06T03:14:23+00:00\",\"dateModified\":\"2024-04-22T15:04:09+00:00\",\"breadcrumb\":{\"@id\":\"https:\/\/ecoandino.com\/retail\/politica-de-privacidad\/#breadcrumb\"},\"inLanguage\":\"es\",\"potentialAction\":[{\"@type\":\"ReadAction\",\"target\":[\"https:\/\/ecoandino.com\/retail\/politica-de-privacidad\/\"]}]},{\"@type\":\"BreadcrumbList\",\"@id\":\"https:\/\/ecoandino.com\/retail\/politica-de-privacidad\/#breadcrumb\",\"itemListElement\":[{\"@type\":\"ListItem\",\"position\":1,\"name\":\"Portada\",\"item\":\"https:\/\/ecoandino.com\/retail\/\"},{\"@type\":\"ListItem\",\"position\":2,\"name\":\"Pol\u00edtica de Privacidad\"}]},{\"@type\":\"WebSite\",\"@id\":\"https:\/\/ecoandino.com\/retail\/#website\",\"url\":\"https:\/\/ecoandino.com\/retail\/\",\"name\":\"EcoAndino - Retail Alimentos 100% Org\u00e1nicos\",\"description\":\"EcoAndino - Retail\",\"alternateName\":\"EcoAndino - Retail\",\"potentialAction\":[{\"@type\":\"SearchAction\",\"target\":{\"@type\":\"EntryPoint\",\"urlTemplate\":\"https:\/\/ecoandino.com\/retail\/?s={search_term_string}\"},\"query-input\":{\"@type\":\"PropertyValueSpecification\",\"valueRequired\":true,\"valueName\":\"search_term_string\"}}],\"inLanguage\":\"es\"}]}<\/script>\n<!-- \/ Yoast SEO plugin. -->","yoast_head_json":{"title":"Pol\u00edtica de Privacidad - ECOANDINO","robots":{"index":"index","follow":"follow","max-snippet":"max-snippet:-1","max-image-preview":"max-image-preview:large","max-video-preview":"max-video-preview:-1"},"canonical":"https:\/\/ecoandino.com\/retail\/politica-de-privacidad\/","og_locale":"es_ES","og_type":"article","og_title":"Pol\u00edtica de Privacidad - ECOANDINO","og_description":"En el presente documento, ECOANDINO S.A.C. (en adelante \u201cECOANDINO\u201d) pone a disposici\u00f3n de los usuarios su Pol\u00edtica de Privacidad, la","og_url":"https:\/\/ecoandino.com\/retail\/politica-de-privacidad\/","og_site_name":"ECOANDINO","article_publisher":"https:\/\/www.facebook.com\/EcoandinoSuperfoods","article_modified_time":"2024-04-22T15:04:09+00:00","schema":{"@context":"https:\/\/schema.org","@graph":[{"@type":"WebPage","@id":"https:\/\/ecoandino.com\/retail\/politica-de-privacidad\/","url":"https:\/\/ecoandino.com\/retail\/politica-de-privacidad\/","name":"Pol\u00edtica de Privacidad - ECOANDINO","isPartOf":{"@id":"https:\/\/ecoandino.com\/retail\/#website"},"datePublished":"2024-02-06T03:14:23+00:00","dateModified":"2024-04-22T15:04:09+00:00","breadcrumb":{"@id":"https:\/\/ecoandino.com\/retail\/politica-de-privacidad\/#breadcrumb"},"inLanguage":"es","potentialAction":[{"@type":"ReadAction","target":["https:\/\/ecoandino.com\/retail\/politica-de-privacidad\/"]}]},{"@type":"BreadcrumbList","@id":"https:\/\/ecoandino.com\/retail\/politica-de-privacidad\/#breadcrumb","itemListElement":[{"@type":"ListItem","position":1,"name":"Portada","item":"https:\/\/ecoandino.com\/retail\/"},{"@type":"ListItem","position":2,"name":"Pol\u00edtica de Privacidad"}]},{"@type":"WebSite","@id":"https:\/\/ecoandino.com\/retail\/#website","url":"https:\/\/ecoandino.com\/retail\/","name":"EcoAndino - Retail Alimentos 100% Org\u00e1nicos","description":"EcoAndino - Retail","alternateName":"EcoAndino - Retail","potentialAction":[{"@type":"SearchAction","target":{"@type":"EntryPoint","urlTemplate":"https:\/\/ecoandino.com\/retail\/?s={search_term_string}"},"query-input":{"@type":"PropertyValueSpecification","valueRequired":true,"valueName":"search_term_string"}}],"inLanguage":"es"}]}},"_links":{"self":[{"href":"https:\/\/ecoandino.com\/retail\/wp-json\/wp\/v2\/pages\/3","targetHints":{"allow":["GET"]}}],"collection":[{"href":"https:\/\/ecoandino.com\/retail\/wp-json\/wp\/v2\/pages"}],"about":[{"href":"https:\/\/ecoandino.com\/retail\/wp-json\/wp\/v2\/types\/page"}],"author":[{"embeddable":true,"href":"https:\/\/ecoandino.com\/retail\/wp-json\/wp\/v2\/users\/1"}],"replies":[{"embeddable":true,"href":"https:\/\/ecoandino.com\/retail\/wp-json\/wp\/v2\/comments?post=3"}],"version-history":[{"count":0,"href":"https:\/\/ecoandino.com\/retail\/wp-json\/wp\/v2\/pages\/3\/revisions"}],"wp:attachment":[{"href":"https:\/\/ecoandino.com\/retail\/wp-json\/wp\/v2\/media?parent=3"}],"curies":[{"name":"wp","href":"https:\/\/api.w.org\/{rel}","templated":true}]}}